{"id":1657,"date":"2016-12-05T17:17:11","date_gmt":"2016-12-05T16:17:11","guid":{"rendered":"https:\/\/meerestochter-kappeln.de\/?page_id=1657"},"modified":"2025-02-25T11:07:40","modified_gmt":"2025-02-25T10:07:40","slug":"impressum","status":"publish","type":"page","link":"https:\/\/meerestochter-kappeln.de\/index.php\/impressum\/","title":{"rendered":"Impressum"},"content":{"rendered":"<div class=\"fusion-fullwidth fullwidth-box fusion-builder-row-1 nonhundred-percent-fullwidth non-hundred-percent-height-scrolling\" style=\"background-color: #192033;background-position: center center;background-repeat: no-repeat;padding-top:0px;padding-right:0px;padding-bottom:0px;padding-left:0px;margin-bottom: 0px;margin-top: 0px;border-width: 0px 0px 0px 0px;border-color:#26314d;border-style:solid;\" ><div class=\"fusion-builder-row fusion-row\"><div class=\"fusion-layout-column fusion_builder_column fusion-builder-column-0 fusion_builder_column_1_1 1_1 fusion-one-full fusion-column-first fusion-column-last\" style=\"margin-top:0px;margin-bottom:20px;\"><div class=\"fusion-column-wrapper fusion-flex-column-wrapper-legacy\" style=\"background-position:left top;background-repeat:no-repeat;-webkit-background-size:cover;-moz-background-size:cover;-o-background-size:cover;background-size:cover;padding: 0px 0px 0px 0px;\"><style type=\"text\/css\"><\/style><div class=\"fusion-title title fusion-title-1 fusion-title-text fusion-title-size-one\" style=\"margin-top:0px;margin-right:0px;margin-bottom:30px;margin-left:0px;\"><h1 class=\"title-heading-left fusion-responsive-typography-calculated\" style=\"margin:0;--fontSize:46;line-height:1.11;\">Impressum<\/h1><span class=\"awb-title-spacer\"><\/span><div class=\"title-sep-container\"><div class=\"title-sep sep-single sep-solid\" style=\"border-color:#3e3e3e;\"><\/div><\/div><\/div><div class=\"fusion-text fusion-text-1\"><ul>\n<li style=\"text-align: left;\"><strong>Meerestochter &#8211; Apartments &amp; Restaurant e.K.<br \/>\n<\/strong><\/li>\n<\/ul>\n<p style=\"padding-left: 60px;\">Vertreten durch:<\/p>\n<p style=\"padding-left: 60px;\">Detlef Manke e.K.<\/p>\n<p style=\"padding-left: 60px;\">Dehnthof 36<br \/>\n24376 Kappeln<br \/>\nTel.: +49 (0) 46 42 &#8211; 9234270<br \/>\n<a href=\"mailto:info@meerestochter-kappeln.de\">info@meerestochter-kappeln.de<\/a><\/p>\n<p style=\"padding-left: 60px;\">Registergericht: Amtsgericht Flensburg<br \/>\nRegisternummer: HRA 9492<br \/>\nUmsatzsteuer-ID: DE 135385210<br \/>\nAufsichtsbeh\u00f6rde: Finanzverwaltungsamt Schleswig-Holstein <span class=\"mtext2\">Hinweis zur Online-Streitbeilegung gem\u00e4\u00df Art. 14 Abs. 1 ODR-VO: Die Europ\u00e4ische Kommission stellt eine Plattform zur Online-Streitbeilegung (OS) bereit, <\/span><span class=\"mtext2\">die Sie unter <a href=\"https:\/\/news.dtvdata.de\/ncopen.php?nid=3016&amp;aid=69841&amp;apid=0&amp;url=http:\/\/ec.europa.eu\/consumers\/odr\/\">http:\/\/ec.europa.eu\/consumers\/odr\/<\/a> finden.<br \/>\n<\/span><\/p>\n<p style=\"padding-left: 60px;\"><strong>Bildnachweise:<br \/>\n<\/strong>pixabay.com<br \/>\nunsplash.com<\/p>\n<\/div><div class=\"fusion-clearfix\"><\/div><\/div><\/div><\/div><\/div>\n","protected":false},"excerpt":{"rendered":"","protected":false},"author":1,"featured_media":0,"parent":0,"menu_order":0,"comment_status":"closed","ping_status":"closed","template":"","meta":{"inline_featured_image":false,"footnotes":""},"class_list":["post-1657","page","type-page","status-publish","hentry"],"yoast_head":"<!-- This site is optimized with the Yoast SEO plugin v27.5 - https:\/\/yoast.com\/product\/yoast-seo-wordpress\/ -->\n<title>Impressum - Meerestochter - Apartments, Caf\u00e9 &amp; Restaurant in Kappeln<\/title>\n<meta name=\"robots\" content=\"index, follow, max-snippet:-1, max-image-preview:large, max-video-preview:-1\" \/>\n<link rel=\"canonical\" href=\"https:\/\/meerestochter-kappeln.de\/index.php\/impressum\/\" \/>\n<meta property=\"og:locale\" content=\"de_DE\" \/>\n<meta property=\"og:type\" content=\"article\" \/>\n<meta property=\"og:title\" content=\"Impressum - Meerestochter - Apartments, Caf\u00e9 &amp; Restaurant in Kappeln\" \/>\n<meta property=\"og:url\" content=\"https:\/\/meerestochter-kappeln.de\/index.php\/impressum\/\" \/>\n<meta property=\"og:site_name\" content=\"Meerestochter - Apartments, Caf\u00e9 &amp; Restaurant in Kappeln\" \/>\n<meta property=\"article:publisher\" content=\"https:\/\/www.facebook.com\/Meerestochter-686892418145550\/\" \/>\n<meta property=\"article:modified_time\" content=\"2025-02-25T10:07:40+00:00\" \/>\n<meta name=\"twitter:card\" content=\"summary_large_image\" \/>\n<meta name=\"twitter:label1\" content=\"Gesch\u00e4tzte Lesezeit\" \/>\n\t<meta name=\"twitter:data1\" content=\"1\u00a0Minute\" \/>\n<script type=\"application\/ld+json\" class=\"yoast-schema-graph\">{\"@context\":\"https:\\\/\\\/schema.org\",\"@graph\":[{\"@type\":\"WebPage\",\"@id\":\"https:\\\/\\\/meerestochter-kappeln.de\\\/index.php\\\/impressum\\\/\",\"url\":\"https:\\\/\\\/meerestochter-kappeln.de\\\/index.php\\\/impressum\\\/\",\"name\":\"Impressum - Meerestochter - Apartments, Caf\u00e9 &amp; Restaurant in Kappeln\",\"isPartOf\":{\"@id\":\"https:\\\/\\\/meerestochter-kappeln.de\\\/#website\"},\"datePublished\":\"2016-12-05T16:17:11+00:00\",\"dateModified\":\"2025-02-25T10:07:40+00:00\",\"breadcrumb\":{\"@id\":\"https:\\\/\\\/meerestochter-kappeln.de\\\/index.php\\\/impressum\\\/#breadcrumb\"},\"inLanguage\":\"de\",\"potentialAction\":[{\"@type\":\"ReadAction\",\"target\":[\"https:\\\/\\\/meerestochter-kappeln.de\\\/index.php\\\/impressum\\\/\"]}]},{\"@type\":\"BreadcrumbList\",\"@id\":\"https:\\\/\\\/meerestochter-kappeln.de\\\/index.php\\\/impressum\\\/#breadcrumb\",\"itemListElement\":[{\"@type\":\"ListItem\",\"position\":1,\"name\":\"Startseite\",\"item\":\"https:\\\/\\\/meerestochter-kappeln.de\\\/\"},{\"@type\":\"ListItem\",\"position\":2,\"name\":\"Impressum\"}]},{\"@type\":\"WebSite\",\"@id\":\"https:\\\/\\\/meerestochter-kappeln.de\\\/#website\",\"url\":\"https:\\\/\\\/meerestochter-kappeln.de\\\/\",\"name\":\"Meerestochter - Apartments, Caf\u00e9 &amp; Restaurant in Kappeln\",\"description\":\"Apartments, Caf\u00e9 &amp; Restaurant\",\"publisher\":{\"@id\":\"https:\\\/\\\/meerestochter-kappeln.de\\\/#organization\"},\"potentialAction\":[{\"@type\":\"SearchAction\",\"target\":{\"@type\":\"EntryPoint\",\"urlTemplate\":\"https:\\\/\\\/meerestochter-kappeln.de\\\/?s={search_term_string}\"},\"query-input\":{\"@type\":\"PropertyValueSpecification\",\"valueRequired\":true,\"valueName\":\"search_term_string\"}}],\"inLanguage\":\"de\"},{\"@type\":\"Organization\",\"@id\":\"https:\\\/\\\/meerestochter-kappeln.de\\\/#organization\",\"name\":\"Meerestochter\",\"url\":\"https:\\\/\\\/meerestochter-kappeln.de\\\/\",\"logo\":{\"@type\":\"ImageObject\",\"inLanguage\":\"de\",\"@id\":\"https:\\\/\\\/meerestochter-kappeln.de\\\/#\\\/schema\\\/logo\\\/image\\\/\",\"url\":\"https:\\\/\\\/meerestochter-kappeln.de\\\/wp-content\\\/uploads\\\/2017\\\/08\\\/meerestochter_logo.jpg\",\"contentUrl\":\"https:\\\/\\\/meerestochter-kappeln.de\\\/wp-content\\\/uploads\\\/2017\\\/08\\\/meerestochter_logo.jpg\",\"width\":180,\"height\":75,\"caption\":\"Meerestochter\"},\"image\":{\"@id\":\"https:\\\/\\\/meerestochter-kappeln.de\\\/#\\\/schema\\\/logo\\\/image\\\/\"},\"sameAs\":[\"https:\\\/\\\/www.facebook.com\\\/Meerestochter-686892418145550\\\/\"]}]}<\/script>\n<!-- \/ Yoast SEO plugin. -->","yoast_head_json":{"title":"Impressum - Meerestochter - Apartments, Caf\u00e9 &amp; Restaurant in Kappeln","robots":{"index":"index","follow":"follow","max-snippet":"max-snippet:-1","max-image-preview":"max-image-preview:large","max-video-preview":"max-video-preview:-1"},"canonical":"https:\/\/meerestochter-kappeln.de\/index.php\/impressum\/","og_locale":"de_DE","og_type":"article","og_title":"Impressum - Meerestochter - Apartments, Caf\u00e9 &amp; Restaurant in Kappeln","og_url":"https:\/\/meerestochter-kappeln.de\/index.php\/impressum\/","og_site_name":"Meerestochter - Apartments, Caf\u00e9 &amp; Restaurant in Kappeln","article_publisher":"https:\/\/www.facebook.com\/Meerestochter-686892418145550\/","article_modified_time":"2025-02-25T10:07:40+00:00","twitter_card":"summary_large_image","twitter_misc":{"Gesch\u00e4tzte Lesezeit":"1\u00a0Minute"},"schema":{"@context":"https:\/\/schema.org","@graph":[{"@type":"WebPage","@id":"https:\/\/meerestochter-kappeln.de\/index.php\/impressum\/","url":"https:\/\/meerestochter-kappeln.de\/index.php\/impressum\/","name":"Impressum - Meerestochter - Apartments, Caf\u00e9 &amp; Restaurant in Kappeln","isPartOf":{"@id":"https:\/\/meerestochter-kappeln.de\/#website"},"datePublished":"2016-12-05T16:17:11+00:00","dateModified":"2025-02-25T10:07:40+00:00","breadcrumb":{"@id":"https:\/\/meerestochter-kappeln.de\/index.php\/impressum\/#breadcrumb"},"inLanguage":"de","potentialAction":[{"@type":"ReadAction","target":["https:\/\/meerestochter-kappeln.de\/index.php\/impressum\/"]}]},{"@type":"BreadcrumbList","@id":"https:\/\/meerestochter-kappeln.de\/index.php\/impressum\/#breadcrumb","itemListElement":[{"@type":"ListItem","position":1,"name":"Startseite","item":"https:\/\/meerestochter-kappeln.de\/"},{"@type":"ListItem","position":2,"name":"Impressum"}]},{"@type":"WebSite","@id":"https:\/\/meerestochter-kappeln.de\/#website","url":"https:\/\/meerestochter-kappeln.de\/","name":"Meerestochter - Apartments, Caf\u00e9 &amp; Restaurant in Kappeln","description":"Apartments, Caf\u00e9 &amp; Restaurant","publisher":{"@id":"https:\/\/meerestochter-kappeln.de\/#organization"},"potentialAction":[{"@type":"SearchAction","target":{"@type":"EntryPoint","urlTemplate":"https:\/\/meerestochter-kappeln.de\/?s={search_term_string}"},"query-input":{"@type":"PropertyValueSpecification","valueRequired":true,"valueName":"search_term_string"}}],"inLanguage":"de"},{"@type":"Organization","@id":"https:\/\/meerestochter-kappeln.de\/#organization","name":"Meerestochter","url":"https:\/\/meerestochter-kappeln.de\/","logo":{"@type":"ImageObject","inLanguage":"de","@id":"https:\/\/meerestochter-kappeln.de\/#\/schema\/logo\/image\/","url":"https:\/\/meerestochter-kappeln.de\/wp-content\/uploads\/2017\/08\/meerestochter_logo.jpg","contentUrl":"https:\/\/meerestochter-kappeln.de\/wp-content\/uploads\/2017\/08\/meerestochter_logo.jpg","width":180,"height":75,"caption":"Meerestochter"},"image":{"@id":"https:\/\/meerestochter-kappeln.de\/#\/schema\/logo\/image\/"},"sameAs":["https:\/\/www.facebook.com\/Meerestochter-686892418145550\/"]}]}},"_links":{"self":[{"href":"https:\/\/meerestochter-kappeln.de\/index.php\/wp-json\/wp\/v2\/pages\/1657","targetHints":{"allow":["GET"]}}],"collection":[{"href":"https:\/\/meerestochter-kappeln.de\/index.php\/wp-json\/wp\/v2\/pages"}],"about":[{"href":"https:\/\/meerestochter-kappeln.de\/index.php\/wp-json\/wp\/v2\/types\/page"}],"author":[{"embeddable":true,"href":"https:\/\/meerestochter-kappeln.de\/index.php\/wp-json\/wp\/v2\/users\/1"}],"replies":[{"embeddable":true,"href":"https:\/\/meerestochter-kappeln.de\/index.php\/wp-json\/wp\/v2\/comments?post=1657"}],"version-history":[{"count":17,"href":"https:\/\/meerestochter-kappeln.de\/index.php\/wp-json\/wp\/v2\/pages\/1657\/revisions"}],"predecessor-version":[{"id":5002,"href":"https:\/\/meerestochter-kappeln.de\/index.php\/wp-json\/wp\/v2\/pages\/1657\/revisions\/5002"}],"wp:attachment":[{"href":"https:\/\/meerestochter-kappeln.de\/index.php\/wp-json\/wp\/v2\/media?parent=1657"}],"curies":[{"name":"wp","href":"https:\/\/api.w.org\/{rel}","templated":true}]}}

<div class="fusion-fullwidth fullwidth-box fusion-builder-row-1 nonhundred-percent-fullwidth non-hundred-percent-height-scrolling" style="background-color: #192033;background-position: center center;background-repeat: no-repeat;padding-top:0px;padding-right:0px;padding-bottom:0px;padding-left:0px;margin-bottom: 0px;margin-top: 0px;border-width: 0px 0px 0px 0px;border-color:#26314d;border-style:solid;" ><div class="fusion-builder-row fusion-row"><div class="fusion-layout-column fusion_builder_column fusion-builder-column-0 fusion_builder_column_1_1 1_1 fusion-one-full fusion-column-first fusion-column-last" style="margin-top:0px;margin-bottom:20px;"><div class="fusion-column-wrapper fusion-flex-column-wrapper-legacy" style="background-position:left top;background-repeat:no-repeat;-webkit-background-size:cover;-moz-background-size:cover;-o-background-size:cover;background-size:cover;padding: 0px 0px 0px 0px;"><style type="text/css"></style><div class="fusion-title title fusion-title-1 fusion-title-text fusion-title-size-one" style="margin-top:0px;margin-right:0px;margin-bottom:30px;margin-left:0px;"><h1 class="title-heading-left fusion-responsive-typography-calculated" style="margin:0;--fontSize:46;line-height:1.11;">Impressum</h1><span class="awb-title-spacer"></span><div class="title-sep-container"><div class="title-sep sep-single sep-solid" style="border-color:#3e3e3e;"></div></div></div><div class="fusion-text fusion-text-1"><ul>
<li style="text-align: left;"><strong>Meerestochter &#8211; Apartments &amp; Restaurant e.K.<br />
</strong></li>
</ul>
<p style="padding-left: 60px;">Vertreten durch:</p>
<p style="padding-left: 60px;">Detlef Manke e.K.</p>
<p style="padding-left: 60px;">Dehnthof 36<br />
24376 Kappeln<br />
Tel.: +49 (0) 46 42 &#8211; 9234270<br />
<a href="mailto:info@meerestochter-kappeln.de">info@meerestochter-kappeln.de</a></p>
<p style="padding-left: 60px;">Registergericht: Amtsgericht Flensburg<br />
Registernummer: HRA 9492<br />
Umsatzsteuer-ID: DE 135385210<br />
Aufsichtsbehörde: Finanzverwaltungsamt Schleswig-Holstein <span class="mtext2">Hinweis zur Online-Streitbeilegung gemäß Art. 14 Abs. 1 ODR-VO: Die Europäische Kommission stellt eine Plattform zur Online-Streitbeilegung (OS) bereit, </span><span class="mtext2">die Sie unter <a href="https://news.dtvdata.de/ncopen.php?nid=3016&amp;aid=69841&amp;apid=0&amp;url=http://ec.europa.eu/consumers/odr/">http://ec.europa.eu/consumers/odr/</a> finden.<br />
</span></p>
<p style="padding-left: 60px;"><strong>Bildnachweise:<br />
</strong>pixabay.com<br />
unsplash.com</p>
</div><div class="fusion-clearfix"></div></div></div></div></div>

<!-- This site is optimized with the Yoast SEO plugin v27.5 - https://yoast.com/product/yoast-seo-wordpress/ -->
<title>Impressum - Meerestochter - Apartments, Café &amp; Restaurant in Kappeln</title>
<meta name="robots" content="index, follow, max-snippet:-1, max-image-preview:large, max-video-preview:-1" />
<link rel="canonical" href="https://meerestochter-kappeln.de/index.php/impressum/" />
<meta property="og:locale" content="de_DE" />
<meta property="og:type" content="article" />
<meta property="og:title" content="Impressum - Meerestochter - Apartments, Café &amp; Restaurant in Kappeln" />
<meta property="og:url" content="https://meerestochter-kappeln.de/index.php/impressum/" />
<meta property="og:site_name" content="Meerestochter - Apartments, Café &amp; Restaurant in Kappeln" />
<meta property="article:publisher" content="https://www.facebook.com/Meerestochter-686892418145550/" />
<meta property="article:modified_time" content="2025-02-25T10:07:40+00:00" />
<meta name="twitter:card" content="summary_large_image" />
<meta name="twitter:label1" content="Geschätzte Lesezeit" />
	<meta name="twitter:data1" content="1 Minute" />
<script type="application/ld+json" class="yoast-schema-graph">{"@context":"https:\/\/schema.org","@graph":[{"@type":"WebPage","@id":"https:\/\/meerestochter-kappeln.de\/index.php\/impressum\/","url":"https:\/\/meerestochter-kappeln.de\/index.php\/impressum\/","name":"Impressum - Meerestochter - Apartments, Café &amp; Restaurant in Kappeln","isPartOf":{"@id":"https:\/\/meerestochter-kappeln.de\/#website"},"datePublished":"2016-12-05T16:17:11+00:00","dateModified":"2025-02-25T10:07:40+00:00","breadcrumb":{"@id":"https:\/\/meerestochter-kappeln.de\/index.php\/impressum\/#breadcrumb"},"inLanguage":"de","potentialAction":[{"@type":"ReadAction","target":["https:\/\/meerestochter-kappeln.de\/index.php\/impressum\/"]}]},{"@type":"BreadcrumbList","@id":"https:\/\/meerestochter-kappeln.de\/index.php\/impressum\/#breadcrumb","itemListElement":[{"@type":"ListItem","position":1,"name":"Startseite","item":"https:\/\/meerestochter-kappeln.de\/"},{"@type":"ListItem","position":2,"name":"Impressum"}]},{"@type":"WebSite","@id":"https:\/\/meerestochter-kappeln.de\/#website","url":"https:\/\/meerestochter-kappeln.de\/","name":"Meerestochter - Apartments, Café &amp; Restaurant in Kappeln","description":"Apartments, Café &amp; Restaurant","publisher":{"@id":"https:\/\/meerestochter-kappeln.de\/#organization"},"potentialAction":[{"@type":"SearchAction","target":{"@type":"EntryPoint","urlTemplate":"https:\/\/meerestochter-kappeln.de\/?s={search_term_string}"},"query-input":{"@type":"PropertyValueSpecification","valueRequired":true,"valueName":"search_term_string"}}],"inLanguage":"de"},{"@type":"Organization","@id":"https:\/\/meerestochter-kappeln.de\/#organization","name":"Meerestochter","url":"https:\/\/meerestochter-kappeln.de\/","logo":{"@type":"ImageObject","inLanguage":"de","@id":"https:\/\/meerestochter-kappeln.de\/#\/schema\/logo\/image\/","url":"https:\/\/meerestochter-kappeln.de\/wp-content\/uploads\/2017\/08\/meerestochter_logo.jpg","contentUrl":"https:\/\/meerestochter-kappeln.de\/wp-content\/uploads\/2017\/08\/meerestochter_logo.jpg","width":180,"height":75,"caption":"Meerestochter"},"image":{"@id":"https:\/\/meerestochter-kappeln.de\/#\/schema\/logo\/image\/"},"sameAs":["https:\/\/www.facebook.com\/Meerestochter-686892418145550\/"]}]}</script>
<!-- / Yoast SEO plugin. -->

Impressum - Meerestochter - Apartments, Café &amp; Restaurant in Kappeln

Meerestochter - Apartments, Café &amp; Restaurant in Kappeln

Apartments, Café &amp; Restaurant
